) - 2*y(p). Calculate w(-3).
17
Let z(g) be the third derivative of -g**4/12 - g**3 + 3*g**2 + 274. What is z(-3)?
0
Let z = -6196 + 6186. Let c(f) be the first derivative of -f**3/3 - 5*f**2 - 3*f - 4. What is c(z)?
-3
Let n(x) = x - 10. Suppose -21*a = -23*a + 6. Suppose 181 = -a*t + 190. Suppose -t*g + 5*g - 17 = -z, g + 16 = 3*z. Determine n(z).
-3
Let j(o) = -5*o + 19. Let f = 444 - 450. Let y(p) = p - 1. Let k(b) = f*y(b) - j(b). Calculate k(-8).
-5
Let w(p) be the third derivative of 5/12*p**4 + 1/60*p**5 + 2/3*p**3 + 0*p + 3 - 21*p**2. Give w(-7).
-17
Let q(g) = 3*g**2 + 73*g - 47. Let o be q(-25). Let z(v) be the first derivative of -5*v**2 + 3*v - 8. Determine z(o).
-27
Let t(g) be the second derivative of 1/6*g**3 + 17*g + 1/2*g**2 + 0. Let b = 3 + -7. What is t(b)?
-3
Let d(q) = -5*q - 179. Let r(z) = 14*z + 492. Let p(t) = -11*d(t) - 4*r(t). Calculate p(-14).
15
Let f(g) = g + 9. Let o(p) = -p - 10. Let q(j) = -3*f(j) - 2*o(j). Let k be q(-7). Let d(u) = -12*u**2 - 1 + 5*u**2 + k + 6*u + 13*u**2 - u**3. Give d(7).
-8
Suppose -2*o - 3*o + 4*s - 36 = 0, 3*o = -4*s + 4. Let k(w) be the second derivative of 5/6*w**3 + 0 + 1/20*w**5 + 5/12*w**4 + 0*w**2 - 13*w. What is k(o)?
-4
Let o(t) = -t**2 - 16*t - 16. Let i(z) = -2*z**2 - 7*z + 509. Let x be i(-18). Calculate o(x).
23
Let r(n) = -8*n - 8. Let s be r(-2). Suppose -52*u + 48*u + 13 = -3*i, 4*u + s = -4*i. Let g(x) = -x - 5. What is g(i)?
-2
Let a(o) = o**3 + 4*o**2 - o - 1. Let z = 5 - 1. Let c(q) = 75*q + 616. Let x be c(-8). Suppose -4*w - x = -z. Give a(w).
11
Let s = 8002 - 8005. Let d(n) = -3*n + 8. Give d(s).
17
Let i(u) = 2*u - 2. Let j(t) = -57*t + 25. Let q(f) = -31*f + 13. Let b(o) = -3*j(o) + 5*q(o). Let x(p) = b(p) - 5*i(p). Calculate x(-4).
-24
Let v(c) be the third derivative of 5*c**4/8 - 3*c**3 - c**2 + 54. Let t(l) = 7*l - 9. Let s(m) = 13*t(m) - 6*v(m). Determine s(8).
-1
Suppose 131 = 5*f + 121. Suppose f*o - 24 = -3*t, 0*t + 36 = 5*t + 2*o. Let z(l) = 2*l**2 - 13*l + 1. Give z(t).
-5
Suppose c = 3*f + 11, -5*f + 4*f = 4*c - 18. Suppose -5*o = c*g, o - 1 + 7 = 2*g. Let i(d) = -3 + 16*d + 11*d - 63*d + 11*d + 20*d. What is i(o)?
7
Let g(d) = -20*d**3 - 50*d**2 - 44*d + 27. Let l(r) = -155*r**2 + 316*r**2 + 15*r + 7*r**3 - 1 - 144*r**2 - 8. Let n(x) = -6*g(x) - 17*l(x). What is n(-10)?
1
Let m(c) = -34*c + 209. Let f = 7127 + -7121. Give m(f).
5
Let a(p) = -5*p**2 + 17*p - 1. Let i(h) = 2*h**3 + 24*h**2 + 66*h + 12. Let c be i(-4). What is a(c)?
-13
Let m(y) = 70*y - 31*y - y**3 - 3*y**2 - 33*y. Calculate m(-6).
72
Let i(q) be the second derivative of q**6/36 - q**4/24 - 95*q**3/6 + 4*q - 5. Let a(x) be the second derivative of i(x). Determine a(1).
9
Let a(y) be the second derivative of 2/3*y**3 - 14*y + 0 - 1/6*y**4 + 0*y**2. Let u = -27 - -31. Give a(u).
-16
Let q(j) = 4*j - 1. Suppose -6*l - 70 = -34. Let h(n) = n**3 - 4*n**2 - 4*n - 7. Let m be h(5). Let a be m/l*(-12)/(-10)*-5. What is q(a)?
-9
Let z(t) = 13*t - 7. Suppose -24 = 3146*c - 3158*c. Give z(c).
19
Let o(h) = -1. Let k(j) = j**3 - 11*j**2 + 10*j - 6. Let i(n) = k(n) - o(n). Let c be ((-20)/(-14) - 2)/(154/(-2695)). What is i(c)?
-5
Let w be (4 + -18)*(-4)/14. Let d(u) = -10*u + 14*u - 3542*u**2 - 4 + 3541*u**2. Calculate d(w).
-4
Let v(q) = -q**3 + 10*q**2 - q + 25. Let w be v(10). Let x(d) = 36*d + 4 - w*d - 12*d - 8*d. Suppose 3*p - 7 = -a - 27, 0 = 2*p + 5*a + 22. Give x(p).
-2
Let g be (-2 - 36/(-30))*(-10)/4. Suppose -g*u = 5*u. Let z(r) = 5*r + 1. Let y(h) = 6*h. Let v(q) = -4*y(q) + 5*z(q). Determine v(u).
5
Let w(l) = -19*l**2 - 46*l + 15. Let i(s) = -7*s**2 - 16*s + 5. Let b(p) = -11*i(p) + 4*w(p). Determine b(9).
14
Let p(z) = z**2 - 5*z - 3. Let c be p(6). Let k(b) = 5*b**2 - 2*b + c - 9*b**2 + 8*b**2 - 3*b**2. Calculate k(4).
11
Let b(u) = -u**2 - 2. Let c(t) = -t**3 + t**2 + 6*t - 2. Let d(r) = -4*b(r) + c(r). Let l = -337 + 343. Determine d(l).
6
Let y(q) = q**2. Let j = 0 - 3. Let h(r) = -2*r**2 + 6*r + 7. Let g(c) = j*y(c) - h(c). Calculate g(-6).
-7
Suppose 0 = i + 5*c + 6, 5*c = 2*i + 14 - 2. Let b(u) be the second derivative of -u**4/12 - u**3 - 9*u**2/2 - 78*u. Determine b(i).
-9
Let i = -71 - 79. Let b = i - -149. Let r(q) = -2*q - 1. What is r(b)?
1
Suppose -4*o - 2*d + 244 = 0, 8*o - 298 = 3*o + d. Let s be ((-25)/(-75))/((-2)/o*2). Let l(k) = k**3 + 5*k**2 - 6*k - 6. Calculate l(s).
24
Suppose 0 = -4*k + 20, -19*w = -14*w - 5*k + 30. Let l(i) = -39*i**2 + 2*i + 2. Give l(w).
-39
Let p(x) = -25 + 3*x - 79 + 7. Calculate p(33).
2
Suppose 2*h = 5*o + 135, 18*h - o = 16*h + 131. Let z(q) = -q**2 + 2 - 64*q - h*q + 0*q**2 + 121*q. What is z(-10)?
-18
Let y(c) = 1 - 20*c**2 - c**3 + 59*c**2 - 2*c - 40*c**2 - 9 + c. Determine y(-3).
13
Let s be (-72)/32*8/(-6). Let d(f) = 11 - s - 15 - f + 5*f. What is d(3)?
5
Let f(x) be the second derivative of x**6/180 - x**5/24 + 110*x**4/3 + 49*x. Let m(y) be the third derivative of f(y). Suppose z - 1 = 7. Determine m(z).
27
Let a(s) be the first derivative of -s**4/4 + 16*s**3/3 - 13*s**2/2 - 33*s - 411. Determine a(15).
-3
Suppose -u + 4 = -4*y, 0 = 5*u - y - 3*y + 12. Let z(k) = -k**3 + k**2 - k + 1. Let x(f) = -6*f**3 + 2*f**2 + 10. Let v(j) = x(j) - 5*z(j). Determine v(u).
1
Let h(t) = t**2 + 9*t - 14. Suppose -2*m = 3*x + 40, -m + 3*m = x. What is h(x)?
-4
Let d(h) be the third derivative of h**5/60 - 7*h**4/24 - h**3/3 + 2*h**2. Let b be -3*4/(-3) + (-204 - -205). Give d(b).
-12
Let d(a) = 39*a**2 + 29*a + 2. Let m be d(-1). Let k(q) = -15*q - 5. Let b(r) = r**2 + r + 1. Let l(f) = b(f) + k(f). Determine l(m).
-28
Suppose 3*b - 7 = z, -268 + 303 = -b + 5*z. Let f = -4 + 7. Let k(n) = 3 - 4*n + 5*n - f*n. What is k(b)?
-7
Let p be -1*(-28)/(-8)*2. Let u(t) = 7*t**2 - 2*t + 1. Let b(j) = 8*j**2 - 3*j + 2. Let x = -175 - -182. Let a(w) = x*u(w) - 6*b(w). Calculate a(p).
16
Let a(z) = -z**3 - 14*z**2 + 1. Suppose 9*n - 553 = 1085. Suppose -n*c + 42 = -185*c. Give a(c).
1
Let x(q) be the first derivative of q**4/4 - 10*q**3/3 + 9*q**2/2 + 2*q - 54. Let y be x(9). Let r(j) = -j**3 + 4*j**2 - 4*j + 3. Determine r(y).
3
Let v(a) = -a - 6. Let i(z) = -z - 10. Let h(w) = -4*i(w) + 10*v(w). Let y(r) = -7*r - 22. Let q(s) = -6*h(s) + 5*y(s). Give q(-8).
2
Let n(g) = -31*g + 136*g - 2*g**2 - 12 + 3*g**3 - 47*g - 72*g - 4*g**3. Give n(-5).
133
Let i(v) be the second derivative of v**5/20 - 2*v**4/3 + 8*v**3/3 - 5*v**2 + 49*v. Let g be i(5). Let m(d) = -d**3 - 5*d**2 - 3*d - 3. Calculate m(g).
12
Let t(u) = -16*u**2 + 262*u - 1. Let h(d) = -d**2 + 19*d - 1. Let b(g) = -14*h(g) + t(g). Calculate b(3).
-17
Let q(s) = -1 + 2 + 13 - s**3 + 2*s**2 + 4*s. Let l be q(4). Let r(p) = -2*p**2 - 5*p + 1. Let n(f) = 2*f**2 + 6*f - 1. Let a(h) = 3*n(h) + 4*r(h). Give a(l).
-3
Let g(f) = f**2 + f + 7. Let j = 430 - 437. Let p(q) = q**2 + 3. Let i(r) = j*p(r) + 3*g(r). Give i(3).
-27
Let h(q) be the first derivative of -q**4/2 - 16*q**3/3 + 3*q**2 + 11*q + 2677. What is h(-8)?
-37
Let f(d) = 17*d**2 - 3*d + 9. Let l(s) = 7*s**2 + 4. Let b(c) = 2*f(c) - 5*l(c). What is b(-4)?
6
Let b(s) be the first derivative of s**4/4 + 2*s**3 - 3*s**2/2 + 9*s + 420. What is b(-6)?
27
Let s = 7 + -7. Let w(f) be the first derivative of f**3/3 + f**2/2 + 17*f - 1285. Calculate w(s).
17
Let u(w) = -7*w**2 - 2*w + 1. Suppose -4*o - 16 = 0, 5*c + 2*o - 79 - 28 = 0. Suppose -36*d = -c*d + 26. Determine u(d).
-23
Let q(c) be the second derivative of 0 + 7/6*c**3 - 1/12*c**4 + 27*c + 5/2*c**2. Suppose 0 = 5*d - 2*d - 15. Determine q(d).
15
Let q be (-50)/4 + (-2596)/(-472). Let f(p) = p**3 + 8*p**2 + 6*p + 35. Determine f(q).
42
Let s(i) = i - 9. Let u be s(9). Let z(b) = -b**3 - 4*b**2 - 4*b + 20. Let d(n) = -n**3 - 5*n**2 - 5*n + 25. Let t(c) = 5*d(c) - 6*z(c). Determine t(u).
5
Let b(v) = -7*v - 13. Suppose -14 = a - 5*c, 5*c = 5*a + 6*c + 18. Let x be b(a). Suppose 4*q + 13 = -x. Let k(p) = p + 8. Give k(q).
1
Let y be (-8 - 63/(-7))*-7. Let m(u) = -18*u + 34. Let b(n) = 8*n - 17. Let h(x) = y*b(x) - 3*m(x). Determine h(10).
-3
Let s(h) be the second derivative of 0 + 0*h**3 + 0*h**2 + 1/30*h**5 - 1/240*h**6 - 3/2*h**4 + 28*h. Let a(u) be the third derivative of s(u). What is a(4)?
-8
Let h be ((-224)/196)/((-3)/21). Let s(b) be the first derivative of -2*b**2 - 5 + h*b - 1/3*b*